*12/32). Suppose -g = -h - 35. What are the prime factors of g?
3, 13
Suppose 5*w = -4*l + 712, 2*l = 4*w - 0*w - 554. Suppose 3*d + w = -1. Let s = d + 75. What are the prime factors of s?
2, 7
Let k(b) be the second derivative of b**3/6 + 6*b**2 + 7*b. Let h be k(10). Let s = 33 - h. List the prime factors of s.
11
Let c(r) = -r**2 - 4*r + 8. Let g be 1/(-2) + 9/(-2). Let o be c(g). Suppose 2*s = v - 2*s - 22, 3*v - 66 = o*s. What are the prime factors of v?
2, 11
Let h(i) = 2*i**2 + 2*i + 1. Let w be h(-1). Let j = 1 - w. Suppose j = -0*m + m - 48. List the prime factors of m.
2, 3
Let f = -17 + 9. Let y be (-4)/(-18) - f/(-36). Suppose 0 = 3*b + 6, p + y*b + 3*b = 2. List the prime factors of p.
2
List the prime factors of (-4)/(-16) - ((-989261)/(-28))/(-13).
2, 3, 151
Suppose -5*a = -5*t - 21615, 0 = 3*a - t - 4*t - 12969. List the prime factors of a.
3, 11, 131
Suppose 4*q + 5*x - 470 = 0, -5*q = -5*x + 32 - 642. List the prime factors of q - (90/(-20) + (-1)/(-2)).
2, 31
Suppose -213 = -5*a + 2*d, -7 = a + 4*d - 32. Suppose g - a = u, -137 = -5*g - 4*u + 23. Let v = g + 4. List the prime factors of v.
2, 5
Let b be ((-4)/(-6))/((-3)/(-9)). Suppose 5*x = -5*z + 150, b*z - 3*x + 7*x - 66 = 0. List the prime factors of z.
3
Let u(q) = 2*q**3 - 9 - 3*q - 4*q**3 - 4*q**2 + q**3 + 0*q**2. Let f be u(-4). Let o(d) = 5*d**2 - 4*d + 1. What are the prime factors of o(f)?
2, 17
Let z(i) = 6*i**2 + 44*i - 23. What are the prime factors of z(9)?
859
Let n be -3 - (-2895)/((0 - -4) + -3). List the prime factors of 32/(-40) + n/15.
2, 3
Suppose 5*r + 2*s + 413 = 10*r, -2*r - s + 158 = 0. List the prime factors of r.
3
Let m(y) = y**3 + 9*y**2 + 2*y + 7. Let z be (-4)/8*-4 + -10. List the prime factors of m(z).
5, 11
Let q = -19 - -52. Suppose 0 = 5*w - 298 + q. What are the prime factors of w?
53
List the prime factors of 15/(75/10) - -1539.
23, 67
Suppose -8 = 3*h - 5*u, -3*h - 4*u + 39 = 11. Suppose -6 = h*l - 22. Suppose -l*m - m = -4*q + 167, 88 = 2*q - 4*m. What are the prime factors of q?
2, 19
Let s = -1 - -11. List the prime factors of 2/(s/15) - -56.
59
Suppose -2 - 1 = 3*u. Suppose 5*k + 99 = r, k - 5*r + 35 = -k. What are the prime factors of (-8)/k*(61 + u)?
2, 3
Suppose j + 825 = 6*j. Suppose -7*p - 2*u - j = -2*p, 165 = -5*p + u. Let g = p - -59. What are the prime factors of g?
2, 13
Let w = 33 - 31. Suppose -4*v + w*k = -724, 3*v = 2*v - k + 184. What are the prime factors of v?
2, 7, 13
Let k = -28 + 45. Suppose -3 - k = -4*z. Suppose -4*x + 3*x = -z. List the prime factors of x.
5
Let z(i) = 19*i - 7. Let n be z(-5). Let m = n + 67. Let h = m - -69. What are the prime factors of h?
2, 17
Suppose -6 = -4*i + i. Let r(p) = p**3 - 2*p - 1. Let f be r(i). Suppose f*a = 24 - 6. What are the prime factors of a?
2, 3
Suppose 3*x + 202 = -0*x + 2*a, 0 = x - 4*a + 74. Let p be 4/6 - 2728/x. Suppose -j + 12 = -p. What are the prime factors of j?
2, 3
Let r be 2/(-13) + (-4)/(-26). Suppose r*w + 58 = l - 5*w, -3*l + 2*w + 174 = 0. What are the prime factors of l?
2, 29
Suppose 0 = -4*d + 16. List the prime factors of (4 + 880)/d*1.
13, 17
Suppose 2*s + 3*i - 2 = 0, i - 6*i - 18 = -2*s. Suppose 4*v + s = -0*v, 5*g - 3*v - 678 = 0. List the prime factors of g.
3, 5
Let w(i) = -i**3 - 10*i**2 + 13*i + 26. Let g be w(-11). Suppose 117 = s - g*b, -5*s + 0*b = -5*b - 540. What are the prime factors of s?
3, 5, 7
Suppose 0*q = -q. Suppose q = -5*z - 4*b + 70, b - 5*b = -3*z + 74. List the prime factors of z.
2, 3
Let l(j) = -j. Let o be l(3). Let v be -3 + 2 + (o - -139). Suppose -3*k = 2*k - v. List the prime factors of k.
3
Let h(l) = -41*l - 237. What are the prime factors of h(-13)?
2, 37
Suppose 19 = m + 4*p, -8 = 8*m - 4*m - 5*p. Let i(k) = 8*k + 5*k**2 + 1 - 3*k**2 - m*k**2. What are the prime factors of i(6)?
13
Let t = -16 - -21. Suppose 2*s = -t*g + 87, -2*g + 4*s + 47 = g. What are the prime factors of g?
17
Let t(r) = 10*r**2 + 3*r - 3*r - 5*r**2 - 4*r + 6. List the prime factors of t(5).
3, 37
Let x(h) = h + 6. Let g be x(-5). Suppose g = 4*y - 7. Let r(i) = 11*i**2 - i. What are the prime factors of r(y)?
2, 3, 7
Suppose 10*u + 604 = 14*u. Suppose -5*h + u + 484 = 0. What are the prime factors of h?
127
Let c(z) = 31*z + 6. Let f be c(5). Suppose -5*x - 11 = -f. What are the prime factors of x?
2, 3, 5
Suppose 16*v + 4360 = 17*v + s, -2*v - 3*s + 8721 = 0. What are the prime factors of v?
3, 1453
Suppose -14*p - p - 375 = 0. Let f = 10 - 19. Let x = f - p. What are the prime factors of x?
2
Let z be (-2)/(-1 + 1 - 1). Let s(r) = -2 + r**3 + 3*r**z + r**2 + 1. What are the prime factors of s(-3)?
2
Let o be 4/(1 + -2) - 2105/(-5). Let s = -271 + o. What are the prime factors of s?
2, 73
Suppose y = -y + 12. Suppose 52 = y*s - 2*s. What are the prime factors of s?
13
Suppose 3*d + 18 + 51 = 0. Let t = d - -68. What are the prime factors of 197/15 + (-6)/t?
13
Let n(g) = g**2 + 7*g + 5*g**3 - 8*g + 2 - 4*g**3. Let j be n(0). Suppose -59 = -3*w + 4*z + 8, 0 = j*w - 4*z - 50. What are the prime factors of w?
17
Let m = 44 - -378. List the prime factors of m.
2, 211
List the prime factors of ((-81)/5)/(6 + (-567)/90).
2, 3
Suppose 2*m + 142 = 4*f + 3*m, 0 = 4*m - 8. Suppose -5*r - b + 53 + f = 0, -4*r + 5*b + 82 = 0. What are the prime factors of (4 - r)*2/(-4)?
7
Let s(z) = z**3 - 6*z**2 - 6*z - 10. Let x be s(7). Let n be x + -4*(-3)/6. What are the prime factors of 7/n*7/(-7)?
7
Let p = 77 + -74. List the prime factors of (-5 - (-308)/1)*1/p.
101
Let j = -23 + 55. Suppose -3*t = -23 - 55. Let g = j - t. List the prime factors of g.
2, 3
What are the prime factors of (-30 - -122)/(2/12)?
2, 3, 23
Suppose 4*h = -4*i + h + 19, -4*i = 2*h - 18. Suppose -2*k - 6 = -i*k. What are the prime factors of 24*k/(3 + 0)?
2, 3
Let r = -32 - -459. List the prime factors of r.
7, 61
Let u = -196 - -482. What are the prime factors of u?
2, 11, 13
List the prime factors of (212/(-3))/(52/(-858)) - -3.
7, 167
Suppose 2*b - 778 = -4*p, 2*p = 15*b - 13*b + 392. List the prime factors of p.
3, 5, 13
Suppose 0 = 4*d + 8 + 4. What are the prime factors of (-15)/(-20) - ((-381)/4 + d)?
3, 11
Let g(d) = -4*d**2 - 53*d + 12. Let k be g(-16). Let w = k - -377. What are the prime factors of w?
3, 71
Suppose -4*r = r - 15. Suppose 150 = 8*h - r*h. What are the prime factors of h?
2, 3, 5
Suppose -4*n = 3*y + y + 12, 27 = -5*y - 2*n. What are the prime factors of 135 + (y - -5) + -1?
2, 3, 11
Let a = 48 + -51. List the prime factors of (-42)/4*12/27*a.
2, 7
Let j = -29 + 34. Suppose 0 = -j*w + 2*w - 6. What are the prime factors of 1/((-387)/195 - w)?
5, 13
What are the prime factors of -21 + 1956 - (-4 + 13)?
2, 3, 107
Suppose -t + 5*n - 1 = 0, -4*t + 3*t + 4*n = -4. Suppose t = -5*s + 204. Suppose 0*c = -4*c + s. What are the prime factors of c?
3
Let w(c) = c**3 + 7*c**2 - 9*c - 10. Let m be w(-8). Suppose 3*j - 19 = 4*s, -2*j - s = -5*j + 16. What are the prime factors of (j/m)/((-11)/110)?
5
Let n(a) = a**3 + 7*a**2 - 2*a + 1. Suppose 5 - 20 = 3*f. Let w be n(f). Suppose 5*i - w - 194 = 0. What are the prime factors of i?
3, 17
Let m = 33 - 21. Let w = m + -6. List the prime factors of -4*((-27)/w - -3).
2, 3
Let d(j) = j**2 - 4 - 5 - 6 - j + 20. Suppose 0*o = -5*a - 4*o + 9, 0 = 4*a + 5*o. What are the prime factors of d(a)?
5
Let h be 2 - 0/(-4 + 0). Suppose 7*t - 27 = 4*t. List the prime factors of (6/t)/(h/87).
29
Suppose 2*l = -4*p - 0*p + 4, -4*l + 3*p = -19. Suppose 10*f - 42 = l*f. What are the prime factors of f?
7
Suppose -2*t + 0*b + 26 = -4*b, 3*b + 12 = 0. Suppose 2*w - 103 = p + 68, 0 = -w + 2*p + 90. Suppose -t*x = -w - 81. What are the prime factors of x?
3, 11
Let k(b) = 7*b**2 + 6*b + 2. Let u be k(-5). Suppose -12*x + 3 = -11*x. Suppose 0 = x*l - u + 42. What are the prime factors of l?
5, 7
Let f = 228 - 130. Let a = -70 + f. Suppose 0 = -6*j + 242 + a. What are the prime factors of j?
3, 5
Suppose -2*j + 5*a = -2815, -2*j + 3585 = a + 764. Suppose -j = 3*l - 18*l. What are the prime factors of l?
2, 47
Suppose 57 = o - 74. List the prime factors of o.
131
What are the prime factors of (-42)/6 - -14 - -76?
83
Let f = 270 + -132. Let k = 207 - f. List the prime factors of k.
3, 23
Let i(o) = 3*o + 5. Let m(q) = q + 1. Let r(b) = -i(b) - 2*m